{"id":955,"date":"2013-09-08T15:24:01","date_gmt":"2013-09-08T15:24:01","guid":{"rendered":"http:\/\/andrenerman.com\/?page_id=955"},"modified":"2020-04-21T11:10:05","modified_gmt":"2020-04-21T11:10:05","slug":"rappelle-toi-prevert","status":"publish","type":"page","link":"http:\/\/andrenerman.com\/?page_id=955","title":{"rendered":"Rappelle-toi Pr\u00e9vert"},"content":{"rendered":"<p>Avec <strong>Nelly Anne Rabas<\/strong><\/p>\n            \n\t\t<div class=\"ngg-gallery-singlepic-image ngg-center\" style=\"max-width: 160px\">\n\t\t\t    \t<a href=\"http:\/\/andrenerman.com\/wp-content\/gallery\/rappelle-toi-prevert\/rappelle-toi-prevert.jpg\"\n\t\t     title=\"Rappelle-toi Pr\u00e9vert - Mise en sc\u00e8ne Andr\u00e9 Nerman\"\n             data-src=\"http:\/\/andrenerman.com\/wp-content\/gallery\/rappelle-toi-prevert\/rappelle-toi-prevert.jpg\"\n             data-thumbnail=\"http:\/\/andrenerman.com\/wp-content\/gallery\/rappelle-toi-prevert\/thumbs\/thumbs_rappelle-toi-prevert.jpg\"\n             data-image-id=\"199\"\n             data-title=\"Rappelle-toi Pr\u00e9vert - Mise en sc\u00e8ne Andr\u00e9 Nerman\"\n             data-description=\"Rappelle-toi Pr\u00e9vert - Mise en sc\u00e8ne Andr\u00e9 Nerman\"\n             target='_self'\n             class='thickbox' rel='2b68c01db743992bcd2b9ba3440cfd06'>\n            <img class=\"ngg-singlepic\"\n             src=\"http:\/\/andrenerman.com\/wp-content\/gallery\/rappelle-toi-prevert\/cache\/rappelle-toi-prevert.jpg-nggid03199-ngg0dyn-320x240x100-00f0w010c010r110f110r010t010.jpg\"\n             alt=\"Rappelle-toi Pr\u00e9vert - Mise en sc\u00e8ne Andr\u00e9 Nerman\"\n             title=\"Rappelle-toi Pr\u00e9vert - Mise en sc\u00e8ne Andr\u00e9 Nerman\"\n              width=\"160\"               \/>\n    \t<\/a>\n\t\t      <\/div>\n        \n<p style=\"text-align: center;\">\n<p><span style=\"font-weight: normal; font-size: 13px;\"><a class=\"fleche\" title=\"Mise en sc\u00e8ne\" href=\"http:\/\/andrenerman.com\/?page_id=163\" target=\"_self\" rel=\"noopener noreferrer\">Voir les autres mises en sc\u00e8ne<\/a><\/span><\/p>\n","protected":false},"excerpt":{"rendered":"<p>Avec Nelly Anne Rabas Voir les autres mises en sc\u00e8ne<\/p>\n","protected":false},"author":1,"featured_media":0,"parent":163,"menu_order":0,"comment_status":"closed","ping_status":"closed","template":"","meta":{"ngg_post_thumbnail":0},"_links":{"self":[{"href":"http:\/\/andrenerman.com\/index.php?rest_route=\/wp\/v2\/pages\/955"}],"collection":[{"href":"http:\/\/andrenerman.com\/index.php?rest_route=\/wp\/v2\/pages"}],"about":[{"href":"http:\/\/andrenerman.com\/index.php?rest_route=\/wp\/v2\/types\/page"}],"author":[{"embeddable":true,"href":"http:\/\/andrenerman.com\/index.php?rest_route=\/wp\/v2\/users\/1"}],"replies":[{"embeddable":true,"href":"http:\/\/andrenerman.com\/index.php?rest_route=%2Fwp%2Fv2%2Fcomments&post=955"}],"version-history":[{"count":10,"href":"http:\/\/andrenerman.com\/index.php?rest_route=\/wp\/v2\/pages\/955\/revisions"}],"predecessor-version":[{"id":1961,"href":"http:\/\/andrenerman.com\/index.php?rest_route=\/wp\/v2\/pages\/955\/revisions\/1961"}],"up":[{"embeddable":true,"href":"http:\/\/andrenerman.com\/index.php?rest_route=\/wp\/v2\/pages\/163"}],"wp:attachment":[{"href":"http:\/\/andrenerman.com\/index.php?rest_route=%2Fwp%2Fv2%2Fmedia&parent=955"}],"curies":[{"name":"wp","href":"https:\/\/api.w.org\/{rel}","templated":true}]}}

Rappelle-toi Prévert

<p>Avec <strong>Nelly Anne Rabas</strong></p>
            
		<div class="ngg-gallery-singlepic-image ngg-center" style="max-width: 160px">
			    	<a href="http://andrenerman.com/wp-content/gallery/rappelle-toi-prevert/rappelle-toi-prevert.jpg"
		     title="Rappelle-toi Prévert - Mise en scène André Nerman"
             data-src="http://andrenerman.com/wp-content/gallery/rappelle-toi-prevert/rappelle-toi-prevert.jpg"
             data-thumbnail="http://andrenerman.com/wp-content/gallery/rappelle-toi-prevert/thumbs/thumbs_rappelle-toi-prevert.jpg"
             data-image-id="199"
             data-title="Rappelle-toi Prévert - Mise en scène André Nerman"
             data-description="Rappelle-toi Prévert - Mise en scène André Nerman"
             target='_self'
             class='thickbox' rel='2b68c01db743992bcd2b9ba3440cfd06'>
            <img class="ngg-singlepic"
             src="http://andrenerman.com/wp-content/gallery/rappelle-toi-prevert/cache/rappelle-toi-prevert.jpg-nggid03199-ngg0dyn-320x240x100-00f0w010c010r110f110r010t010.jpg"
             alt="Rappelle-toi Prévert - Mise en scène André Nerman"
             title="Rappelle-toi Prévert - Mise en scène André Nerman"
              width="160"               />
    	</a>
		      </div>
        
<p style="text-align: center;">
<p><span style="font-weight: normal; font-size: 13px;"><a class="fleche" title="Mise en scène" href="http://andrenerman.com/?page_id=163" target="_self" rel="noopener noreferrer">Voir les autres mises en scène</a></span></p>

<p>Avec Nelly Anne Rabas Voir les autres mises en scène</p>
