{"id":412,"date":"2010-11-15T21:07:44","date_gmt":"2010-11-15T21:07:44","guid":{"rendered":"http:\/\/andrenerman.com\/?page_id=412"},"modified":"2020-04-21T11:09:07","modified_gmt":"2020-04-21T11:09:07","slug":"barbe-bleue","status":"publish","type":"page","link":"http:\/\/andrenerman.com\/?page_id=412","title":{"rendered":"Barbe Bleue"},"content":{"rendered":"<p>De <strong>Aur\u00e9lien Berda<\/strong> et  <strong>Ida Gordon<\/strong><br \/>\nMusique <strong>Edward Auslender<\/strong><br \/>\nAvec<br \/>\n<strong>Fran\u00e7ois Macherey<\/strong> ou <strong>Jonathan Karat<\/strong> ou <strong>Gerard Fontenaille<\/strong><br \/>\n<strong>Caroline Pallares<\/strong> ou <strong>Julie Desmet<\/strong><br \/>\n<strong>Axel Beaumont<\/strong> ou <strong>Olivier Denizet<\/strong><br \/>\n<strong>Daphn\u00e9 Rabas<\/strong> ou <strong>Ma\u00efa Gu\u00e9ritte<\/strong> ou <strong>Claire Baradat<\/strong><\/p>\n<!-- index.php -->\n<div\n\tclass=\"ngg-galleryoverview ngg-ajax-pagination-none\"\n\tid=\"ngg-gallery-ac91bc212416f14e508302932048487f-1\">\n\n    \t\t<!-- Thumbnails -->\n\t\t\t\t<div id=\"ngg-image-0\" class=\"ngg-gallery-thumbnail-box\" >\n\t\t\t\t        <div class=\"ngg-gallery-thumbnail\">\n            <a href=\"http:\/\/andrenerman.com\/wp-content\/gallery\/barbe\/img_0609-1.jpg\"\n               title=\"Barbe Bleue\"\n               data-src=\"http:\/\/andrenerman.com\/wp-content\/gallery\/barbe\/img_0609-1.jpg\"\n               data-thumbnail=\"http:\/\/andrenerman.com\/wp-content\/gallery\/barbe\/thumbs\/thumbs_img_0609-1.jpg\"\n               data-image-id=\"84\"\n               data-title=\"Barbe Bleue\"\n               data-description=\"Barbe Bleue\"\n               data-image-slug=\"barbe-bleue-5\"\n               class='thickbox' rel='ac91bc212416f14e508302932048487f'>\n                <img\n                    title=\"Barbe Bleue\"\n                    alt=\"Barbe Bleue\"\n                    src=\"http:\/\/andrenerman.com\/wp-content\/gallery\/barbe\/thumbs\/thumbs_img_0609-1.jpg\"\n                    width=\"100\"\n                    height=\"74\"\n                    style=\"max-width:100%;\"\n                \/>\n            <\/a>\n        <\/div>\n\t\t\t\t\t\t\t<\/div> \n\t\t\t\n        \n\t\t\t\t<div id=\"ngg-image-1\" class=\"ngg-gallery-thumbnail-box\" >\n\t\t\t\t        <div class=\"ngg-gallery-thumbnail\">\n            <a href=\"http:\/\/andrenerman.com\/wp-content\/gallery\/barbe\/img_0613.jpg\"\n               title=\"Barbe Bleue\"\n               data-src=\"http:\/\/andrenerman.com\/wp-content\/gallery\/barbe\/img_0613.jpg\"\n               data-thumbnail=\"http:\/\/andrenerman.com\/wp-content\/gallery\/barbe\/thumbs\/thumbs_img_0613.jpg\"\n               data-image-id=\"57\"\n               data-title=\"Barbe Bleue\"\n               data-description=\"Barbe Bleue\"\n               data-image-slug=\"barbe-bleue-2\"\n               class='thickbox' rel='ac91bc212416f14e508302932048487f'>\n                <img\n                    title=\"Barbe Bleue\"\n                    alt=\"Barbe Bleue\"\n                    src=\"http:\/\/andrenerman.com\/wp-content\/gallery\/barbe\/thumbs\/thumbs_img_0613.jpg\"\n                    width=\"100\"\n                    height=\"75\"\n                    style=\"max-width:100%;\"\n                \/>\n            <\/a>\n        <\/div>\n\t\t\t\t\t\t\t<\/div> \n\t\t\t\n        \n\t\t\t\t<div id=\"ngg-image-2\" class=\"ngg-gallery-thumbnail-box\" >\n\t\t\t\t        <div class=\"ngg-gallery-thumbnail\">\n            <a href=\"http:\/\/andrenerman.com\/wp-content\/gallery\/barbe\/img_0619.jpg\"\n               title=\"Barbe Bleue\"\n               data-src=\"http:\/\/andrenerman.com\/wp-content\/gallery\/barbe\/img_0619.jpg\"\n               data-thumbnail=\"http:\/\/andrenerman.com\/wp-content\/gallery\/barbe\/thumbs\/thumbs_img_0619.jpg\"\n               data-image-id=\"58\"\n               data-title=\"Barbe Bleue\"\n               data-description=\"Barbe Bleue\"\n               data-image-slug=\"barbe-bleue-3\"\n               class='thickbox' rel='ac91bc212416f14e508302932048487f'>\n                <img\n                    title=\"Barbe Bleue\"\n                    alt=\"Barbe Bleue\"\n                    src=\"http:\/\/andrenerman.com\/wp-content\/gallery\/barbe\/thumbs\/thumbs_img_0619.jpg\"\n                    width=\"100\"\n                    height=\"75\"\n                    style=\"max-width:100%;\"\n                \/>\n            <\/a>\n        <\/div>\n\t\t\t\t\t\t\t<\/div> \n\t\t\t\n        \n\t\t\t\t<div id=\"ngg-image-3\" class=\"ngg-gallery-thumbnail-box\" >\n\t\t\t\t        <div class=\"ngg-gallery-thumbnail\">\n            <a href=\"http:\/\/andrenerman.com\/wp-content\/gallery\/barbe\/img_0623.jpg\"\n               title=\"Barbe Bleue\"\n               data-src=\"http:\/\/andrenerman.com\/wp-content\/gallery\/barbe\/img_0623.jpg\"\n               data-thumbnail=\"http:\/\/andrenerman.com\/wp-content\/gallery\/barbe\/thumbs\/thumbs_img_0623.jpg\"\n               data-image-id=\"85\"\n               data-title=\"Barbe Bleue\"\n               data-description=\"Barbe Bleue\"\n               data-image-slug=\"barbe-bleue-6\"\n               class='thickbox' rel='ac91bc212416f14e508302932048487f'>\n                <img\n                    title=\"Barbe Bleue\"\n                    alt=\"Barbe Bleue\"\n                    src=\"http:\/\/andrenerman.com\/wp-content\/gallery\/barbe\/thumbs\/thumbs_img_0623.jpg\"\n                    width=\"100\"\n                    height=\"75\"\n                    style=\"max-width:100%;\"\n                \/>\n            <\/a>\n        <\/div>\n\t\t\t\t\t\t\t<\/div> \n\t\t\t\n        \n\t\t\t\t<div id=\"ngg-image-4\" class=\"ngg-gallery-thumbnail-box\" >\n\t\t\t\t        <div class=\"ngg-gallery-thumbnail\">\n            <a href=\"http:\/\/andrenerman.com\/wp-content\/gallery\/barbe\/img_0636.jpg\"\n               title=\"Barbe Bleue\"\n               data-src=\"http:\/\/andrenerman.com\/wp-content\/gallery\/barbe\/img_0636.jpg\"\n               data-thumbnail=\"http:\/\/andrenerman.com\/wp-content\/gallery\/barbe\/thumbs\/thumbs_img_0636.jpg\"\n               data-image-id=\"59\"\n               data-title=\"Barbe Bleue\"\n               data-description=\"Barbe Bleue\"\n               data-image-slug=\"barbe-bleue-4\"\n               class='thickbox' rel='ac91bc212416f14e508302932048487f'>\n                <img\n                    title=\"Barbe Bleue\"\n                    alt=\"Barbe Bleue\"\n                    src=\"http:\/\/andrenerman.com\/wp-content\/gallery\/barbe\/thumbs\/thumbs_img_0636.jpg\"\n                    width=\"100\"\n                    height=\"75\"\n                    style=\"max-width:100%;\"\n                \/>\n            <\/a>\n        <\/div>\n\t\t\t\t\t\t\t<\/div> \n\t\t\t\n        \n\t\t\t\t<div id=\"ngg-image-5\" class=\"ngg-gallery-thumbnail-box\" >\n\t\t\t\t        <div class=\"ngg-gallery-thumbnail\">\n            <a href=\"http:\/\/andrenerman.com\/wp-content\/gallery\/barbe\/img_0662-1.jpg\"\n               title=\"Barbe Bleue\"\n               data-src=\"http:\/\/andrenerman.com\/wp-content\/gallery\/barbe\/img_0662-1.jpg\"\n               data-thumbnail=\"http:\/\/andrenerman.com\/wp-content\/gallery\/barbe\/thumbs\/thumbs_img_0662-1.jpg\"\n               data-image-id=\"86\"\n               data-title=\"Barbe Bleue\"\n               data-description=\"Barbe Bleue\"\n               data-image-slug=\"barbe-bleue-7\"\n               class='thickbox' rel='ac91bc212416f14e508302932048487f'>\n                <img\n                    title=\"Barbe Bleue\"\n                    alt=\"Barbe Bleue\"\n                    src=\"http:\/\/andrenerman.com\/wp-content\/gallery\/barbe\/thumbs\/thumbs_img_0662-1.jpg\"\n                    width=\"100\"\n                    height=\"75\"\n                    style=\"max-width:100%;\"\n                \/>\n            <\/a>\n        <\/div>\n\t\t\t\t\t\t\t<\/div> \n\t\t\t\n        \n\t\t\t\t<div id=\"ngg-image-6\" class=\"ngg-gallery-thumbnail-box\" >\n\t\t\t\t        <div class=\"ngg-gallery-thumbnail\">\n            <a href=\"http:\/\/andrenerman.com\/wp-content\/gallery\/barbe\/img_0690-1.jpg\"\n               title=\"Barbe Bleue\"\n               data-src=\"http:\/\/andrenerman.com\/wp-content\/gallery\/barbe\/img_0690-1.jpg\"\n               data-thumbnail=\"http:\/\/andrenerman.com\/wp-content\/gallery\/barbe\/thumbs\/thumbs_img_0690-1.jpg\"\n               data-image-id=\"88\"\n               data-title=\"Barbe Bleue\"\n               data-description=\"Barbe Bleue\"\n               data-image-slug=\"barbe-bleue-9\"\n               class='thickbox' rel='ac91bc212416f14e508302932048487f'>\n                <img\n                    title=\"Barbe Bleue\"\n                    alt=\"Barbe Bleue\"\n                    src=\"http:\/\/andrenerman.com\/wp-content\/gallery\/barbe\/thumbs\/thumbs_img_0690-1.jpg\"\n                    width=\"100\"\n                    height=\"75\"\n                    style=\"max-width:100%;\"\n                \/>\n            <\/a>\n        <\/div>\n\t\t\t\t\t\t\t<\/div> \n\t\t\t\n        \n\t\t\t\t<div id=\"ngg-image-7\" class=\"ngg-gallery-thumbnail-box\" >\n\t\t\t\t        <div class=\"ngg-gallery-thumbnail\">\n            <a href=\"http:\/\/andrenerman.com\/wp-content\/gallery\/barbe\/img_0672-1.jpg\"\n               title=\"Barbe Bleue\"\n               data-src=\"http:\/\/andrenerman.com\/wp-content\/gallery\/barbe\/img_0672-1.jpg\"\n               data-thumbnail=\"http:\/\/andrenerman.com\/wp-content\/gallery\/barbe\/thumbs\/thumbs_img_0672-1.jpg\"\n               data-image-id=\"87\"\n               data-title=\"Barbe Bleue\"\n               data-description=\"Barbe Bleue\"\n               data-image-slug=\"barbe-bleue-8\"\n               class='thickbox' rel='ac91bc212416f14e508302932048487f'>\n                <img\n                    title=\"Barbe Bleue\"\n                    alt=\"Barbe Bleue\"\n                    src=\"http:\/\/andrenerman.com\/wp-content\/gallery\/barbe\/thumbs\/thumbs_img_0672-1.jpg\"\n                    width=\"100\"\n                    height=\"75\"\n                    style=\"max-width:100%;\"\n                \/>\n            <\/a>\n        <\/div>\n\t\t\t\t\t\t\t<\/div> \n\t\t\t\n        \n\t\t\n\t\t<!-- Pagination -->\n\t<div class='ngg-clear'><\/div>\t<\/div>\n\n<h2>Critique<\/h2>\n<p style=\"text-align: justify;\">\u00ab\u00a0Barbe Bleue est aujourd\u2019hui au centre d\u2019une com\u00e9die musicale pour enfants et c\u2019est plut\u00f4t une r\u00e9ussite. Certes, pour ne pas heurter la sensibilit\u00e9 des plus jeunes, le conte est quelque peu \u00e9dulcor\u00e9. Aux c\u00f4t\u00e9s de Barbe Bleue, on d\u00e9couvre la na\u00efve et passive Georgine, sa cupide s\u0153ur Anne, terriblement manipulatrice, ainsi que Sam, l\u2019homme \u00e0 tout faire du seigneur, sorte de fil conducteur du r\u00e9cit. L\u2019histoire est trait\u00e9e avec assez d\u2019humour pour que les parents ne s\u2019ennuient pas. Les chansons s\u2019inscrivent intelligemment dans le r\u00e9cit, \u00e9gayant le propos. Et l\u2019\u00e9nergie des com\u00e9diens, notamment de Caroline Pallar\u00e8s dans le r\u00f4le de la s\u0153ur Anne, permet de pallier le manque d\u2019interactivit\u00e9, si ch\u00e8re aux enfants qui, happ\u00e9s par l\u2019intrigue, r\u00e9agissent verbalement, pr\u00e9viennent Georgine ou acclament Sam, h\u00e9las sans retour. Mais leurs r\u00e9actions sont aussi dues \u00e0 la peur qu\u2019ils \u00e9prouvent\u2026 et qu\u2019ils aiment \u00e9prouver, chose rare dans les spectacles pour enfants. On note donc que, si quelques-uns se retrouvent rapidement sur les genoux des adultes pour se rassurer, les m\u00eames, tout comme les plus t\u00e9m\u00e9raires, ne boudent pas leur plaisir.\u00a0\u00bb<\/p>\n<p style=\"text-align: right;\"><em>REGARD EN COULISSE<\/em><\/p>\n<p style=\"text-align: left;\"><a class=\"fleche\" title=\"Mise en sc\u00e8ne\" href=\"http:\/\/andrenerman.com\/?page_id=163\" target=\"_self\" rel=\"noopener noreferrer\">Voir les autres mises en sc\u00e8ne<\/a><\/p>\n","protected":false},"excerpt":{"rendered":"<p>De Aur\u00e9lien Berda et Ida Gordon Musique Edward Auslender Avec Fran\u00e7ois Macherey ou Jonathan Karat ou Gerard Fontenaille Caroline Pallares ou Julie Desmet Axel Beaumont ou Olivier Denizet Daphn\u00e9 Rabas ou Ma\u00efa Gu\u00e9ritte ou Claire Baradat Critique \u00ab\u00a0Barbe Bleue est aujourd\u2019hui au centre d\u2019une com\u00e9die musicale pour enfants et c\u2019est plut\u00f4t une r\u00e9ussite. Certes, pour [&hellip;]<\/p>\n","protected":false},"author":1,"featured_media":0,"parent":163,"menu_order":0,"comment_status":"closed","ping_status":"closed","template":"","meta":{"ngg_post_thumbnail":0},"_links":{"self":[{"href":"http:\/\/andrenerman.com\/index.php?rest_route=\/wp\/v2\/pages\/412"}],"collection":[{"href":"http:\/\/andrenerman.com\/index.php?rest_route=\/wp\/v2\/pages"}],"about":[{"href":"http:\/\/andrenerman.com\/index.php?rest_route=\/wp\/v2\/types\/page"}],"author":[{"embeddable":true,"href":"http:\/\/andrenerman.com\/index.php?rest_route=\/wp\/v2\/users\/1"}],"replies":[{"embeddable":true,"href":"http:\/\/andrenerman.com\/index.php?rest_route=%2Fwp%2Fv2%2Fcomments&post=412"}],"version-history":[{"count":14,"href":"http:\/\/andrenerman.com\/index.php?rest_route=\/wp\/v2\/pages\/412\/revisions"}],"predecessor-version":[{"id":1951,"href":"http:\/\/andrenerman.com\/index.php?rest_route=\/wp\/v2\/pages\/412\/revisions\/1951"}],"up":[{"embeddable":true,"href":"http:\/\/andrenerman.com\/index.php?rest_route=\/wp\/v2\/pages\/163"}],"wp:attachment":[{"href":"http:\/\/andrenerman.com\/index.php?rest_route=%2Fwp%2Fv2%2Fmedia&parent=412"}],"curies":[{"name":"wp","href":"https:\/\/api.w.org\/{rel}","templated":true}]}}