{"id":1979,"date":"2020-04-21T13:09:36","date_gmt":"2020-04-21T13:09:36","guid":{"rendered":"http:\/\/andrenerman.com\/?page_id=1979"},"modified":"2020-04-30T12:44:31","modified_gmt":"2020-04-30T12:44:31","slug":"bio-2","status":"publish","type":"page","link":"http:\/\/andrenerman.com\/?page_id=1979&lang=en","title":{"rendered":"Bio"},"content":{"rendered":"\n<p>            \n\t\t<div class=\"ngg-gallery-singlepic-image ngg-right\" style=\"max-width: 200px\">\n\t\t\t    \t<a href=\"http:\/\/andrenerman.com\/wp-content\/gallery\/bio\/ilbarritz.jpg\"\n\t\t     title=\"La mer - Ilbarritz\"\n             data-src=\"http:\/\/andrenerman.com\/wp-content\/gallery\/bio\/ilbarritz.jpg\"\n             data-thumbnail=\"http:\/\/andrenerman.com\/wp-content\/gallery\/bio\/thumbs\/thumbs_ilbarritz.jpg\"\n             data-image-id=\"154\"\n             data-title=\"La mer - Ilbarritz\"\n             data-description=\"La mer - Ilbarritz\"\n             target='_self'\n             class='thickbox' rel='c0a40c24f2e3a31a68583cc577f86a5e'>\n            <img class=\"ngg-singlepic\"\n             src=\"http:\/\/andrenerman.com\/wp-content\/gallery\/bio\/cache\/ilbarritz.jpg-nggid03154-ngg0dyn-200x150x100-00f0w010c010r110f110r010t010.jpg\"\n             alt=\"La mer - Ilbarritz\"\n             title=\"La mer - Ilbarritz\"\n              width=\"200\"               \/>\n    \t<\/a>\n\t\t      <\/div>\n        Andre Nerman was born in Biarritz in South of France. After a few experiences with a local Theatre Company as an <strong>actor <\/strong>and a <strong>director<\/strong>, and two years in Bordeaux studying \u00ab\u00a0Science-Po\u00a0\u00bb, Andre moved up to Paris. In Paris, he completed his training with Raymond Girard and Jean Darnel (Acting Schools) and Alain Illel and Etienne Decroux (Acting and Mime ). <\/p>\n\n\n\n<p>Andr\u00e9 started his career by interpreting leading classical roles such as <strong>Romeo <\/strong>( with Muriel Mayette as Juliette who will be later one of the Directors of the Com\u00e9die Fran\u00e7aise), Rodrigue (from El Cid), Oreste (<strong>Andromaque <\/strong>by Racine). He played along with Catherine Salviat (from the Com\u00e9die Fran\u00e7aise) and Jean Davy in Antigone by Anouilh and Sophocle ( H\u00e9mon\u2019s caracter). He was Neipperg with Annie Cordy in \u00ab\u00a0<strong>Madame Sans G\u00eanes<\/strong>\u00a0\u00bb in France and Belgium. He played along with Francine Berg\u00e9 in \u00ab\u00a0Le Chevalier \u00e0 la Rose\u00a0\u00bb directed by Jean-Louis Thamin (CDN of Nice and Th\u00e9\u00e2tre de la Ville \u2013 Paris).             \n\t\t<div class=\"ngg-gallery-singlepic-image ngg-right\" style=\"max-width: 138px\">\n\t\t\t    \t<a href=\"http:\/\/andrenerman.com\/wp-content\/gallery\/spectacles-portrait\/moliere1.jpg\"\n\t\t     title=\"Moli\u00e8re amoureux\"\n             data-src=\"http:\/\/andrenerman.com\/wp-content\/gallery\/spectacles-portrait\/moliere1.jpg\"\n             data-thumbnail=\"http:\/\/andrenerman.com\/wp-content\/gallery\/spectacles-portrait\/thumbs\/thumbs_moliere1.jpg\"\n             data-image-id=\"149\"\n             data-title=\"Moli\u00e8re amoureux\"\n             data-description=\"Moli\u00e8re amoureux\"\n             target='_self'\n             class='thickbox' rel='2a518744419ac499a71e0325c82d71eb'>\n            <img class=\"ngg-singlepic\"\n             src=\"http:\/\/andrenerman.com\/wp-content\/gallery\/spectacles-portrait\/cache\/moliere1.jpg-nggid03149-ngg0dyn-260x200x100-00f0w010c010r110f110r010t010.jpg\"\n             alt=\"Moli\u00e8re amoureux\"\n             title=\"Moli\u00e8re amoureux\"\n              width=\"138\"               \/>\n    \t<\/a>\n\t\t      <\/div>\n        <\/p>\n\n\n\n<p>At the same time Andre starred in numerous tv series ( leading roles in \u00ab\u00a0<strong>Coulisses<\/strong>\u00a0\u00bb and \u00ab\u00a0<strong>Allo tu m\u2019aimes<\/strong>\u00a0\u00bb). <\/p>\n\n\n\n<p>Then, he has completed his training in the US where he has regularly worked since. In 1995 he was engaged in <strong>international theatrical tours<\/strong>. <\/p>\n\n\n\n<p>A few years later he started to work with the French Company Caravague staging his own shows and organizing tours in Northern America. He has directed mainly pieces coming from theatrical and poetic contemporary repertory such as Duras, Pr\u00e9vert, Cocteau, Apolinnaire\u2019works. <\/p>\n\n\n\n<p>            \n\t\t<div class=\"ngg-gallery-singlepic-image ngg-left\" style=\"max-width: 180px\">\n\t\t\t    \t<a href=\"http:\/\/andrenerman.com\/wp-content\/gallery\/j-brel\/img_0359.jpg\"\n\t\t     title=\"Jacques Brel ou l&#039;impossible r\u00eave\"\n             data-src=\"http:\/\/andrenerman.com\/wp-content\/gallery\/j-brel\/img_0359.jpg\"\n             data-thumbnail=\"http:\/\/andrenerman.com\/wp-content\/gallery\/j-brel\/thumbs\/thumbs_img_0359.jpg\"\n             data-image-id=\"178\"\n             data-title=\"Jacques Brel ou l&#039;impossible r\u00eave\"\n             data-description=\"Jacques Brel ou l&#039;impossible r\u00eave\"\n             target='_self'\n             class='thickbox' rel='279dd4b55d0ebc81019253ca8b8de089'>\n            <img class=\"ngg-singlepic\"\n             src=\"http:\/\/andrenerman.com\/wp-content\/gallery\/j-brel\/cache\/img_0359.jpg-nggid03178-ngg0dyn-180x180x100-00f0w010c010r110f110r010t010.jpg\"\n             alt=\"Jacques Brel ou l&#039;impossible r\u00eave\"\n             title=\"Jacques Brel ou l&#039;impossible r\u00eave\"\n              width=\"180\"               \/>\n    \t<\/a>\n\t\t      <\/div>\n        Also <strong>singer<\/strong>, <strong>musician <\/strong>and <strong>dancer<\/strong>, Andre has written, performed and directed musicals. The most famous show he has created remains \u00ab <a href=\"http:\/\/andrenerman.com\/?page_id=156\"><strong>Jacques Brel ou l\u2019Impossible R\u00eave<\/strong><\/a> \u00bb which has been a hit for several years in Paris and across the world. At the same time Andre regularly appeared in films and TV series such as \u00ab\u00a0Tropiques Amers\u00a0\u00bb, \u00ab\u00a0Miroir mon beau miroir\u00a0\u00bb, \u00ab\u00a0Section de recherche\u00a0\u00bb (TF1) , \u00ab\u00a0Tout le monde il est beau\u00a0\u00bb (Canal +). <\/p>\n\n\n\n<p>In 2013, Andr\u00e9 translated and staged the play \u00ab <a href=\"http:\/\/andrenerman.com\/?page_id=957\"><strong>Un rapport sur la banalit\u00e9 de l\u2019amour<\/strong><\/a> \u00bb (by Mario Diament) at the Th\u00e9\u00e2tre de la Huchette in Paris. The show has been a hit. The success of this play was confirmed at the <strong>Festival of Avignon in 2017 and 2018<\/strong>. Andre interprets himself the main role of Martin Heidegger. The show is still currently on tour\u00a0: after having toured in the US and in Canada, in Switzerland and Marocco it\u2019s now regularly performed in France. In 2015, Andre starred in \u00ab\u00a0Blind Date\u00a0\u00bb (Mario Diament) directed by John McLean. More recently, Andre has directed and performed the famous \u00ab <a href=\"http:\/\/andrenerman.com\/?page_id=1381\"><strong>La Le\u00e7on<\/strong><\/a> \u00bb by Ionesco, and \u00ab Huis Clos \u00bb by Sartre . In 2018, he adapted, staged and performed \u00ab <a href=\"http:\/\/andrenerman.com\/?page_id=1813\"><strong>Terre des hommes<\/strong><\/a> \u00bb by Saint Exup\u00e9ry. In 2019, Andre adapted, staged and performed \u00ab\u00a0La chute\u00a0\u00bb by Albert Camus sharing the stage with the American female dancer Nicola Ayoub.<\/p>\n\n\n\n<p class=\"has-text-align-center\"><strong>            \n\t\t<div class=\"ngg-gallery-singlepic-image ngg-center\" style=\"max-width: 320px\">\n\t\t\t    \t<a href=\"http:\/\/andrenerman.com\/wp-content\/gallery\/bio\/malibu.jpg\"\n\t\t     title=\"La mer - Malibu\"\n             data-src=\"http:\/\/andrenerman.com\/wp-content\/gallery\/bio\/malibu.jpg\"\n             data-thumbnail=\"http:\/\/andrenerman.com\/wp-content\/gallery\/bio\/thumbs\/thumbs_malibu.jpg\"\n             data-image-id=\"157\"\n             data-title=\"La mer - Malibu\"\n             data-description=\"La mer - Malibu\"\n             target='_self'\n             class='thickbox' rel='4962f52651fa897ebc563c506e84a18f'>\n            <img class=\"ngg-singlepic\"\n             src=\"http:\/\/andrenerman.com\/wp-content\/gallery\/bio\/cache\/malibu.jpg-nggid03157-ngg0dyn-320x240x100-00f0w010c010r110f110r010t010.jpg\"\n             alt=\"La mer - Malibu\"\n             title=\"La mer - Malibu\"\n              width=\"320\"               \/>\n    \t<\/a>\n\t\t      <\/div>\n        <\/strong><\/p>\n","protected":false},"excerpt":{"rendered":"<p>Andre Nerman was born in Biarritz in South of France. After a few experiences with a local Theatre Company as an actor and a director, and two years in Bordeaux studying \u00ab\u00a0Science-Po\u00a0\u00bb, Andre moved up to Paris. In Paris, he completed his training with Raymond Girard and Jean Darnel (Acting Schools) and Alain Illel and [&hellip;]<\/p>\n","protected":false},"author":1,"featured_media":0,"parent":0,"menu_order":2,"comment_status":"closed","ping_status":"closed","template":"","meta":{"ngg_post_thumbnail":0},"_links":{"self":[{"href":"http:\/\/andrenerman.com\/index.php?rest_route=\/wp\/v2\/pages\/1979"}],"collection":[{"href":"http:\/\/andrenerman.com\/index.php?rest_route=\/wp\/v2\/pages"}],"about":[{"href":"http:\/\/andrenerman.com\/index.php?rest_route=\/wp\/v2\/types\/page"}],"author":[{"embeddable":true,"href":"http:\/\/andrenerman.com\/index.php?rest_route=\/wp\/v2\/users\/1"}],"replies":[{"embeddable":true,"href":"http:\/\/andrenerman.com\/index.php?rest_route=%2Fwp%2Fv2%2Fcomments&post=1979"}],"version-history":[{"count":6,"href":"http:\/\/andrenerman.com\/index.php?rest_route=\/wp\/v2\/pages\/1979\/revisions"}],"predecessor-version":[{"id":2020,"href":"http:\/\/andrenerman.com\/index.php?rest_route=\/wp\/v2\/pages\/1979\/revisions\/2020"}],"wp:attachment":[{"href":"http:\/\/andrenerman.com\/index.php?rest_route=%2Fwp%2Fv2%2Fmedia&parent=1979"}],"curies":[{"name":"wp","href":"https:\/\/api.w.org\/{rel}","templated":true}]}}