{"id":1164,"date":"2015-03-18T21:41:58","date_gmt":"2015-03-18T21:41:58","guid":{"rendered":"http:\/\/andrenerman.com\/?page_id=1164"},"modified":"2020-04-21T11:08:59","modified_gmt":"2020-04-21T11:08:59","slug":"apollinaire-en-1914-soldat-et-amoureux","status":"publish","type":"page","link":"http:\/\/andrenerman.com\/?page_id=1164","title":{"rendered":"Apollinaire en 1914, Soldat et amoureux"},"content":{"rendered":"<p>Avec <strong>Nelly Anne Rabas<\/strong> et <strong>Laurent Clergeau<\/strong> (piano).<\/p>\n<p>Mise en sc\u00e8ne <strong>Andr\u00e9 Nerman<\/strong>.<\/p>\n<p>Guillaume Apollinaire \u00e0 la Guerre de 14 -18, sa correspondance amoureuse avec Lou et Madeleine, sa vie de soldat dans les tranch\u00e9es.<br \/>\nSpectacle po\u00e9tique et musical. Sur une id\u00e9e originale de <strong>Lionel Cuill\u00e9<\/strong>.<\/p>\n<!-- index.php -->\n<div\n\tclass=\"ngg-galleryoverview ngg-ajax-pagination-none\"\n\tid=\"ngg-gallery-f21fb58172f8a83029f2b330306b7abb-1\">\n\n    \t\t<!-- Thumbnails -->\n\t\t\t\t<div id=\"ngg-image-0\" class=\"ngg-gallery-thumbnail-box\" >\n\t\t\t\t        <div class=\"ngg-gallery-thumbnail\">\n            <a href=\"http:\/\/andrenerman.com\/wp-content\/gallery\/apollinaire\/affiche-spectacle-apollinaire.jpg\"\n               title=\"Guillaume Apollinaire \u00e0 la Guerre de 14 -18, sa correspondance amoureuse avec Lou et Madeleine, sa vie de soldat dans les tranch\u00e9es.\"\n               data-src=\"http:\/\/andrenerman.com\/wp-content\/gallery\/apollinaire\/affiche-spectacle-apollinaire.jpg\"\n               data-thumbnail=\"http:\/\/andrenerman.com\/wp-content\/gallery\/apollinaire\/thumbs\/thumbs_affiche-spectacle-apollinaire.jpg\"\n               data-image-id=\"256\"\n               data-title=\"Affiche spectacle Apollinaire\"\n               data-description=\"Guillaume Apollinaire \u00e0 la Guerre de 14 -18, sa correspondance amoureuse avec Lou et Madeleine, sa vie de soldat dans les tranch\u00e9es.\"\n               data-image-slug=\"affiche-spectacle-apollinaire\"\n               class='thickbox' rel='f21fb58172f8a83029f2b330306b7abb'>\n                <img\n                    title=\"Affiche spectacle Apollinaire\"\n                    alt=\"Affiche spectacle Apollinaire\"\n                    src=\"http:\/\/andrenerman.com\/wp-content\/gallery\/apollinaire\/thumbs\/thumbs_affiche-spectacle-apollinaire.jpg\"\n                    width=\"100\"\n                    height=\"75\"\n                    style=\"max-width:100%;\"\n                \/>\n            <\/a>\n        <\/div>\n\t\t\t\t\t\t\t<\/div> \n\t\t\t\n        \n\t\t\t\t<div id=\"ngg-image-1\" class=\"ngg-gallery-thumbnail-box\" >\n\t\t\t\t        <div class=\"ngg-gallery-thumbnail\">\n            <a href=\"http:\/\/andrenerman.com\/wp-content\/gallery\/apollinaire\/andre-nerman-apollinaire-1.jpg\"\n               title=\"Andr\u00e9 Nerman - Apollinaire\"\n               data-src=\"http:\/\/andrenerman.com\/wp-content\/gallery\/apollinaire\/andre-nerman-apollinaire-1.jpg\"\n               data-thumbnail=\"http:\/\/andrenerman.com\/wp-content\/gallery\/apollinaire\/thumbs\/thumbs_andre-nerman-apollinaire-1.jpg\"\n               data-image-id=\"266\"\n               data-title=\"Andr\u00e9 Nerman - Apollinaire\"\n               data-description=\"Andr\u00e9 Nerman - Apollinaire\"\n               data-image-slug=\"andre-nerman-apollinaire-1-jpg-1\"\n               class='thickbox' rel='f21fb58172f8a83029f2b330306b7abb'>\n                <img\n                    title=\"Andr\u00e9 Nerman - Apollinaire\"\n                    alt=\"Andr\u00e9 Nerman - Apollinaire\"\n                    src=\"http:\/\/andrenerman.com\/wp-content\/gallery\/apollinaire\/thumbs\/thumbs_andre-nerman-apollinaire-1.jpg\"\n                    width=\"100\"\n                    height=\"75\"\n                    style=\"max-width:100%;\"\n                \/>\n            <\/a>\n        <\/div>\n\t\t\t\t\t\t\t<\/div> \n\t\t\t\n        \n\t\t\t\t<div id=\"ngg-image-2\" class=\"ngg-gallery-thumbnail-box\" >\n\t\t\t\t        <div class=\"ngg-gallery-thumbnail\">\n            <a href=\"http:\/\/andrenerman.com\/wp-content\/gallery\/apollinaire\/andre-nerman-apollinaire-2.jpg\"\n               title=\"Andr\u00e9 Nerman - Apollinaire\"\n               data-src=\"http:\/\/andrenerman.com\/wp-content\/gallery\/apollinaire\/andre-nerman-apollinaire-2.jpg\"\n               data-thumbnail=\"http:\/\/andrenerman.com\/wp-content\/gallery\/apollinaire\/thumbs\/thumbs_andre-nerman-apollinaire-2.jpg\"\n               data-image-id=\"267\"\n               data-title=\"Andr\u00e9 Nerman - Apollinaire\"\n               data-description=\"Andr\u00e9 Nerman - Apollinaire\"\n               data-image-slug=\"andre-nerman-apollinaire-2-jpg-1\"\n               class='thickbox' rel='f21fb58172f8a83029f2b330306b7abb'>\n                <img\n                    title=\"Andr\u00e9 Nerman - Apollinaire\"\n                    alt=\"Andr\u00e9 Nerman - Apollinaire\"\n                    src=\"http:\/\/andrenerman.com\/wp-content\/gallery\/apollinaire\/thumbs\/thumbs_andre-nerman-apollinaire-2.jpg\"\n                    width=\"100\"\n                    height=\"75\"\n                    style=\"max-width:100%;\"\n                \/>\n            <\/a>\n        <\/div>\n\t\t\t\t\t\t\t<\/div> \n\t\t\t\n        \n\t\t\t\t<div id=\"ngg-image-3\" class=\"ngg-gallery-thumbnail-box\" >\n\t\t\t\t        <div class=\"ngg-gallery-thumbnail\">\n            <a href=\"http:\/\/andrenerman.com\/wp-content\/gallery\/apollinaire\/andre-nerman-apollinaire-3.jpg\"\n               title=\"Andr\u00e9 Nerman - Apollinaire\"\n               data-src=\"http:\/\/andrenerman.com\/wp-content\/gallery\/apollinaire\/andre-nerman-apollinaire-3.jpg\"\n               data-thumbnail=\"http:\/\/andrenerman.com\/wp-content\/gallery\/apollinaire\/thumbs\/thumbs_andre-nerman-apollinaire-3.jpg\"\n               data-image-id=\"268\"\n               data-title=\"Andr\u00e9 Nerman - Apollinaire\"\n               data-description=\"Andr\u00e9 Nerman - Apollinaire\"\n               data-image-slug=\"andre-nerman-apollinaire-3-jpg-1\"\n               class='thickbox' rel='f21fb58172f8a83029f2b330306b7abb'>\n                <img\n                    title=\"Andr\u00e9 Nerman - Apollinaire\"\n                    alt=\"Andr\u00e9 Nerman - Apollinaire\"\n                    src=\"http:\/\/andrenerman.com\/wp-content\/gallery\/apollinaire\/thumbs\/thumbs_andre-nerman-apollinaire-3.jpg\"\n                    width=\"100\"\n                    height=\"75\"\n                    style=\"max-width:100%;\"\n                \/>\n            <\/a>\n        <\/div>\n\t\t\t\t\t\t\t<\/div> \n\t\t\t\n        \n\t\t\t\t<div id=\"ngg-image-4\" class=\"ngg-gallery-thumbnail-box\" >\n\t\t\t\t        <div class=\"ngg-gallery-thumbnail\">\n            <a href=\"http:\/\/andrenerman.com\/wp-content\/gallery\/apollinaire\/andre-nerman-apollinaire-4.jpg\"\n               title=\"Andr\u00e9 Nerman - Apollinaire\"\n               data-src=\"http:\/\/andrenerman.com\/wp-content\/gallery\/apollinaire\/andre-nerman-apollinaire-4.jpg\"\n               data-thumbnail=\"http:\/\/andrenerman.com\/wp-content\/gallery\/apollinaire\/thumbs\/thumbs_andre-nerman-apollinaire-4.jpg\"\n               data-image-id=\"269\"\n               data-title=\"Andr\u00e9 Nerman - Apollinaire\"\n               data-description=\"Andr\u00e9 Nerman - Apollinaire\"\n               data-image-slug=\"andre-nerman-apollinaire-4-jpg-1\"\n               class='thickbox' rel='f21fb58172f8a83029f2b330306b7abb'>\n                <img\n                    title=\"Andr\u00e9 Nerman - Apollinaire\"\n                    alt=\"Andr\u00e9 Nerman - Apollinaire\"\n                    src=\"http:\/\/andrenerman.com\/wp-content\/gallery\/apollinaire\/thumbs\/thumbs_andre-nerman-apollinaire-4.jpg\"\n                    width=\"100\"\n                    height=\"75\"\n                    style=\"max-width:100%;\"\n                \/>\n            <\/a>\n        <\/div>\n\t\t\t\t\t\t\t<\/div> \n\t\t\t\n        \n\t\t\t\t<div id=\"ngg-image-5\" class=\"ngg-gallery-thumbnail-box\" >\n\t\t\t\t        <div class=\"ngg-gallery-thumbnail\">\n            <a href=\"http:\/\/andrenerman.com\/wp-content\/gallery\/apollinaire\/andre-nerman-apollinaire-5.jpg\"\n               title=\"Andr\u00e9 Nerman - Apollinaire\"\n               data-src=\"http:\/\/andrenerman.com\/wp-content\/gallery\/apollinaire\/andre-nerman-apollinaire-5.jpg\"\n               data-thumbnail=\"http:\/\/andrenerman.com\/wp-content\/gallery\/apollinaire\/thumbs\/thumbs_andre-nerman-apollinaire-5.jpg\"\n               data-image-id=\"270\"\n               data-title=\"andre-nerman-apollinaire (5).jpg\"\n               data-description=\"Andr\u00e9 Nerman - Apollinaire\"\n               data-image-slug=\"andre-nerman-apollinaire-5-jpg-1\"\n               class='thickbox' rel='f21fb58172f8a83029f2b330306b7abb'>\n                <img\n                    title=\"andre-nerman-apollinaire (5).jpg\"\n                    alt=\"andre-nerman-apollinaire (5).jpg\"\n                    src=\"http:\/\/andrenerman.com\/wp-content\/gallery\/apollinaire\/thumbs\/thumbs_andre-nerman-apollinaire-5.jpg\"\n                    width=\"100\"\n                    height=\"75\"\n                    style=\"max-width:100%;\"\n                \/>\n            <\/a>\n        <\/div>\n\t\t\t\t\t\t\t<\/div> \n\t\t\t\n        \n\t\t\t\t<div id=\"ngg-image-6\" class=\"ngg-gallery-thumbnail-box\" >\n\t\t\t\t        <div class=\"ngg-gallery-thumbnail\">\n            <a href=\"http:\/\/andrenerman.com\/wp-content\/gallery\/apollinaire\/andre-nerman-apollinaire-6.jpg\"\n               title=\"Andr\u00e9 Nerman - Apollinaire\"\n               data-src=\"http:\/\/andrenerman.com\/wp-content\/gallery\/apollinaire\/andre-nerman-apollinaire-6.jpg\"\n               data-thumbnail=\"http:\/\/andrenerman.com\/wp-content\/gallery\/apollinaire\/thumbs\/thumbs_andre-nerman-apollinaire-6.jpg\"\n               data-image-id=\"271\"\n               data-title=\"Andr\u00e9 Nerman - Apollinaire\"\n               data-description=\"Andr\u00e9 Nerman - Apollinaire\"\n               data-image-slug=\"andre-nerman-apollinaire-6-jpg-1\"\n               class='thickbox' rel='f21fb58172f8a83029f2b330306b7abb'>\n                <img\n                    title=\"Andr\u00e9 Nerman - Apollinaire\"\n                    alt=\"Andr\u00e9 Nerman - Apollinaire\"\n                    src=\"http:\/\/andrenerman.com\/wp-content\/gallery\/apollinaire\/thumbs\/thumbs_andre-nerman-apollinaire-6.jpg\"\n                    width=\"100\"\n                    height=\"75\"\n                    style=\"max-width:100%;\"\n                \/>\n            <\/a>\n        <\/div>\n\t\t\t\t\t\t\t<\/div> \n\t\t\t\n        \n\t\t\t\t<div id=\"ngg-image-7\" class=\"ngg-gallery-thumbnail-box\" >\n\t\t\t\t        <div class=\"ngg-gallery-thumbnail\">\n            <a href=\"http:\/\/andrenerman.com\/wp-content\/gallery\/apollinaire\/andre-nerman-apollinaire-7.jpg\"\n               title=\"Andr\u00e9 Nerman - Apollinaire\"\n               data-src=\"http:\/\/andrenerman.com\/wp-content\/gallery\/apollinaire\/andre-nerman-apollinaire-7.jpg\"\n               data-thumbnail=\"http:\/\/andrenerman.com\/wp-content\/gallery\/apollinaire\/thumbs\/thumbs_andre-nerman-apollinaire-7.jpg\"\n               data-image-id=\"272\"\n               data-title=\"Andr\u00e9 Nerman - Apollinaire\"\n               data-description=\"Andr\u00e9 Nerman - Apollinaire\"\n               data-image-slug=\"andre-nerman-apollinaire-7-jpg-1\"\n               class='thickbox' rel='f21fb58172f8a83029f2b330306b7abb'>\n                <img\n                    title=\"Andr\u00e9 Nerman - Apollinaire\"\n                    alt=\"Andr\u00e9 Nerman - Apollinaire\"\n                    src=\"http:\/\/andrenerman.com\/wp-content\/gallery\/apollinaire\/thumbs\/thumbs_andre-nerman-apollinaire-7.jpg\"\n                    width=\"100\"\n                    height=\"75\"\n                    style=\"max-width:100%;\"\n                \/>\n            <\/a>\n        <\/div>\n\t\t\t\t\t\t\t<\/div> \n\t\t\t\n        \n\t\t\t\t<div id=\"ngg-image-8\" class=\"ngg-gallery-thumbnail-box\" >\n\t\t\t\t        <div class=\"ngg-gallery-thumbnail\">\n            <a href=\"http:\/\/andrenerman.com\/wp-content\/gallery\/apollinaire\/andre-nerman-apollinaire-8.jpg\"\n               title=\"Andr\u00e9 Nerman - Apollinaire\"\n               data-src=\"http:\/\/andrenerman.com\/wp-content\/gallery\/apollinaire\/andre-nerman-apollinaire-8.jpg\"\n               data-thumbnail=\"http:\/\/andrenerman.com\/wp-content\/gallery\/apollinaire\/thumbs\/thumbs_andre-nerman-apollinaire-8.jpg\"\n               data-image-id=\"273\"\n               data-title=\"Andr\u00e9 Nerman - Apollinaire\"\n               data-description=\"Andr\u00e9 Nerman - Apollinaire\"\n               data-image-slug=\"andre-nerman-apollinaire-8-jpg-1\"\n               class='thickbox' rel='f21fb58172f8a83029f2b330306b7abb'>\n                <img\n                    title=\"Andr\u00e9 Nerman - Apollinaire\"\n                    alt=\"Andr\u00e9 Nerman - Apollinaire\"\n                    src=\"http:\/\/andrenerman.com\/wp-content\/gallery\/apollinaire\/thumbs\/thumbs_andre-nerman-apollinaire-8.jpg\"\n                    width=\"100\"\n                    height=\"75\"\n                    style=\"max-width:100%;\"\n                \/>\n            <\/a>\n        <\/div>\n\t\t\t\t\t\t\t<\/div> \n\t\t\t\n        \n\t\t\t\t<div id=\"ngg-image-9\" class=\"ngg-gallery-thumbnail-box\" >\n\t\t\t\t        <div class=\"ngg-gallery-thumbnail\">\n            <a href=\"http:\/\/andrenerman.com\/wp-content\/gallery\/apollinaire\/andre-nerman-apollinaire-9.jpg\"\n               title=\"Andr\u00e9 Nerman - Apollinaire\"\n               data-src=\"http:\/\/andrenerman.com\/wp-content\/gallery\/apollinaire\/andre-nerman-apollinaire-9.jpg\"\n               data-thumbnail=\"http:\/\/andrenerman.com\/wp-content\/gallery\/apollinaire\/thumbs\/thumbs_andre-nerman-apollinaire-9.jpg\"\n               data-image-id=\"274\"\n               data-title=\"Andr\u00e9 Nerman - Apollinaire\"\n               data-description=\"Andr\u00e9 Nerman - Apollinaire\"\n               data-image-slug=\"andre-nerman-apollinaire-9-jpg-1\"\n               class='thickbox' rel='f21fb58172f8a83029f2b330306b7abb'>\n                <img\n                    title=\"Andr\u00e9 Nerman - Apollinaire\"\n                    alt=\"Andr\u00e9 Nerman - Apollinaire\"\n                    src=\"http:\/\/andrenerman.com\/wp-content\/gallery\/apollinaire\/thumbs\/thumbs_andre-nerman-apollinaire-9.jpg\"\n                    width=\"100\"\n                    height=\"75\"\n                    style=\"max-width:100%;\"\n                \/>\n            <\/a>\n        <\/div>\n\t\t\t\t\t\t\t<\/div> \n\t\t\t\n        \n\t\t\n\t\t<!-- Pagination -->\n\t<div class='ngg-clear'><\/div>\t<\/div>\n\n<h2>Audio<\/h2>\n<ul>\n<li>\u00ab\u00a0Sanglots\u00a0\u00bb Apollinaire\/Poulenc par Nelly Anne Rabas (extraits).<\/li>\n<\/ul>\n<p><audio id=\"audio-1107-1\" class=\"wp-audio-shortcode\" style=\"width: 100%;\" preload=\"none\" controls=\"controls\"><source src=\"http:\/\/andrenerman.com\/wp-content\/uploads\/2014\/05\/sanglots.mp3\" type=\"audio\/mpeg\" \/><a href=\"http:\/\/andrenerman.com\/wp-content\/uploads\/2014\/05\/sanglots.mp3\">http:\/\/andrenerman.com\/wp-content\/uploads\/2014\/05\/sanglots.mp3<\/a><\/audio><\/p>\n<ul>\n<li>\u00ab\u00a0Si je mourrais l\u00e0-bas\u00a0\u00bb Apollinaire\/Ferrat par Andr\u00e9 Nerman. Laurent Clergeau au piano.<\/li>\n<\/ul>\n<p><audio id=\"audio-1107-2\" class=\"wp-audio-shortcode\" style=\"width: 100%;\" preload=\"none\" controls=\"controls\"><source src=\"http:\/\/andrenerman.com\/wp-content\/uploads\/2014\/05\/MASTER-SI-JE-MOURRAI.wav\" type=\"audio\/wav\" \/><a href=\"http:\/\/andrenerman.com\/wp-content\/uploads\/2014\/05\/MASTER-SI-JE-MOURRAI.wav\">http:\/\/andrenerman.com\/wp-content\/uploads\/2014\/05\/MASTER-SI-JE-MOURRAI.wav<\/a><\/audio><\/p>\n","protected":false},"excerpt":{"rendered":"<p>Avec Nelly Anne Rabas et Laurent Clergeau (piano). Mise en sc\u00e8ne Andr\u00e9 Nerman. Guillaume Apollinaire \u00e0 la Guerre de 14 -18, sa correspondance amoureuse avec Lou et Madeleine, sa vie de soldat dans les tranch\u00e9es. Spectacle po\u00e9tique et musical. Sur une id\u00e9e originale de Lionel Cuill\u00e9. Audio \u00ab\u00a0Sanglots\u00a0\u00bb Apollinaire\/Poulenc par Nelly Anne Rabas (extraits). http:\/\/andrenerman.com\/wp-content\/uploads\/2014\/05\/sanglots.mp3 [&hellip;]<\/p>\n","protected":false},"author":1,"featured_media":0,"parent":163,"menu_order":0,"comment_status":"closed","ping_status":"closed","template":"","meta":{"ngg_post_thumbnail":0},"_links":{"self":[{"href":"http:\/\/andrenerman.com\/index.php?rest_route=\/wp\/v2\/pages\/1164"}],"collection":[{"href":"http:\/\/andrenerman.com\/index.php?rest_route=\/wp\/v2\/pages"}],"about":[{"href":"http:\/\/andrenerman.com\/index.php?rest_route=\/wp\/v2\/types\/page"}],"author":[{"embeddable":true,"href":"http:\/\/andrenerman.com\/index.php?rest_route=\/wp\/v2\/users\/1"}],"replies":[{"embeddable":true,"href":"http:\/\/andrenerman.com\/index.php?rest_route=%2Fwp%2Fv2%2Fcomments&post=1164"}],"version-history":[{"count":4,"href":"http:\/\/andrenerman.com\/index.php?rest_route=\/wp\/v2\/pages\/1164\/revisions"}],"predecessor-version":[{"id":1253,"href":"http:\/\/andrenerman.com\/index.php?rest_route=\/wp\/v2\/pages\/1164\/revisions\/1253"}],"up":[{"embeddable":true,"href":"http:\/\/andrenerman.com\/index.php?rest_route=\/wp\/v2\/pages\/163"}],"wp:attachment":[{"href":"http:\/\/andrenerman.com\/index.php?rest_route=%2Fwp%2Fv2%2Fmedia&parent=1164"}],"curies":[{"name":"wp","href":"https:\/\/api.w.org\/{rel}","templated":true}]}}